Let c = i - -39. Calculate the remainder when (-12)/24 - 66/c is divided by 6.
4
Let z(j) = -3*j**2 - 12*j - 5. Let w be z(-4). Let s(y) = -y**3 - 2*y**2 + 8*y - 21. What is the remainder when 26 is divided by s(w)?
12
Suppose -1323 = -5*j - 3*v + 22, 3*v + 269 = j. Let r = j + -237. Suppose q + 3*b = 12, 48 = 4*q - 3*b + 7*b. Calculate the remainder when r is divided by q.
8
Suppose -f = -6*n - 2129, 2*f + 4*n - 391 - 3915 = 0. What is the remainder when f is divided by 14?
5
Let g = 112 + -52. Suppose 0*c - c - 4*k - 6 = 0, 2*c + 12 = -2*k. What is the remainder when g is divided by (-8)/c + ((-124)/(-6) - 1)?
18
Let s be 4/(-8)*-1*-34. Let o(x) = x**3 + 17*x**2 + 14*x + 12. Let d be o(s). What is the remainder when 53 is divided by (-1)/4*1 - d/8?
25
Calculate the remainder when 1699 is divided by 16/2 + (-660)/(-3 - 9).
61
Suppose -38*n + 2906 - 1082 = 0. Suppose b = n - 9. What is the remainder when 58 is divided by b?
19
Let x(g) = -g + 147. What is the remainder when x(0) is divided by 8 - (-9 + 8 + (0 - 6))?
12
Let v = 13272 - 10335. Calculate the remainder when v is divided by 196.
193
Let m be 8/5*45/36. What is the remainder when 151 is divided by (0 + -4 + 20)*m?
23
What is the remainder when (2 + 4270/28)*2 is divided by 61?
4
Suppose -y = -2 - 12. What is the remainder when ((-78)/104)/(2/(-144)) is divided by y?
12
Let i be (-2)/(1*(-4 + (-9)/(-3))). Suppose -50*k - 80 = -i*v - 49*k, -5*v + k = -197. What is the remainder when v is divided by 8?
7
Let q(u) = -10*u - 124. Let a = -1 + 5. Calculate the remainder when q(-19) is divided by a.
2
Let y(q) = 6*q - 25. Suppose -6 = u - 4*f, -27 = 5*u + 4*f - 69. Let b(m) = 7*m**3 - 2*m**2 + 1. What is the remainder when y(u) is divided by b(1)?
5
Suppose -24*t + 22786 = -14294. Suppose 0 = 8*m - t + 273. Calculate the remainder when m is divided by 20.
19
Let h(t) = 3*t**2 - 4. Calculate the remainder when (-5)/3*(-246)/5 is divided by h(5).
11
Let z(l) = 356*l - 2828. Let h = 1 + 7. What is the remainder when z(8) is divided by h?
4
Suppose 0 = 231*j - 78*j - 19278. Calculate the remainder when 469 is divided by j.
91
Let a be 4/6 - 13*188/12. Let s = 224 + a. Suppose 5*q - 410 = -2*u - 2*u, 5*u + 82 = q. Calculate the remainder when q is divided by s.
19
Let s = -141 + 117. Let m = s + 52. Calculate the remainder when m is divided by 26.
2
Let d(b) = -b**2 - 7*b - 10. Let g be d(-7). Let r be ((-18)/15)/(g/75). Suppose -3*t + r*t = 78. What is the remainder when 102 is divided by t?
11
Let y(w) = 451*w**3 + 0 + 4*w + 2*w**2 - 4 - 376*w**3 - 2*w. Calculate the remainder when y(1) is divided by 22.
9
Suppose -5*z = 3*w - 192 - 29, -2*w = z - 47. Let t be (-8)/(-10) - (-344)/80*4. What is the remainder when z is divided by 110/(-45)*t/(-4)?
10
Suppose 7*x = 53 + 115. Suppose -5*i + 80 = -3*u, 0*u + u = -i + x. Suppose i*s + 19 = 20*s. What is the remainder when 71 is divided by s?
14
Suppose -323*b + 30346 - 5475 = 0. What is the remainder when -1 + 222 - (5 - 7) is divided by b?
69
Suppose -5*k + 55*k - 1914 = -8*k. Calculate the remainder when k is divided by 2.
1
Let u(r) = -r**2 - 15*r - 8. Let g = 15 + -22. Suppose h = -2*b + 25, -15*b = 5*h - 11*b - 89. Calculate the remainder when u(g) is divided by h.
9
Let b(z) = -z**2 - z + 11. Let w be b(0). Suppose -6 = w*a - 12*a. Suppose a*x - 24 = 3*x. What is the remainder when 28 is divided by x?
4
Suppose -5*x + 20 = 0, -868 = -3*q + 2*x - 318. Calculate the remainder when (-179)/(-3) + (-9)/(-27) is divided by (-4)/6*q/(-4).
29
Suppose 16*q - 24*q + 2512 = 0. Suppose 0 = -2*j - 3*l + 151, 4*j + 3*l - q = l. What is the remainder when 301 is divided by j?
61
Suppose -4*d - 6 = -14. Suppose r = -2, d*f + 3*f - 4*r - 63 = 0. Calculate the remainder when 43 is divided by f.
10
What is the remainder when 15/12 + 4290/88 is divided by 32?
18
Suppose 2*q + 30 = 4*g, -2*q = -g + q + 20. Suppose 4*c - g*k + 75 = 206, 0 = 2*k + 6. Suppose -4*d - c = -101. What is the remainder when 35 is divided by d?
17
Suppose 3 - 6 = -3*u. Let k be (0/(-6))/(u + 1). Suppose -b - 11 + 45 = k. Calculate the remainder when b is divided by 10.
4
Let r = -2913 + 3103. Calculate the remainder when 754 is divided by r.
184
Calculate the remainder when 1039 is divided by 93/8 - 699/(-1864).
7
Let x be 7 - ((-4)/2 + 6). Suppose -x*f + 6*f = 63. Let d(s) = -s**2 + 23*s - 28. What is the remainder when d(f) is divided by 10?
4
Let j(l) = -113*l. Let w be j(-1). Suppose h + 4*o = 52, 29*h - 228 = 24*h - 4*o. Let i = h + w. What is the remainder when i is divided by 32?
29
Suppose 524 + 2150 = 14*d. Let s = -175 + d. Calculate the remainder when 572 is divided by s.
12
What is the remainder when (402/24 + -22)/((-5559)/(-5568) + -1) is divided by 15?
8
Let c be (20/(-4) - -4)*-61. Let d = c - 53. Suppose 20 = d*q - 52. Calculate the remainder when 60 is divided by q.
6
Let v(q) = 81*q + 536. Suppose 0 = -0*m + m + 4*w - 93, 0 = 5*m - 2*w - 487. What is the remainder when m is divided by v(-6)?
47
Let j = -219 - -204. What is the remainder when (20/j)/(-2) - (-552)/9 is divided by 22?
18
Let p(v) = 19*v - 81. Let n be p(5). Suppose -13*l = -n*l - 1, 4*r - 2*l = 66. What is the remainder when r is divided by 6?
4
Let g = -599 - -658. Suppose -c + 0 = -15. Calculate the remainder when g is divided by c.
14
Suppose 0 = 60*h + 1290 - 3510. Calculate the remainder when 146 is divided by h.
35
Suppose 0 = 26*p - 7197 + 1815. What is the remainder when p is divided by 61?
24
Calculate the remainder when 3125 is divided by 29/8 - 4 - (-973)/56.
14
Let r = 12993 + -11915. What is the remainder when 4323 is divided by r?
11
Suppose 7*h - 27 = 10*h. What is the remainder when (-710)/(-25) + 1/(-10)*4 is divided by h/(-2)*(0 + 2)?
1
Suppose -5*y + 3*m = -97, y + m - 5 = 16. Suppose -118 + y = -p. Suppose 4*z = 22 + p. Calculate the remainder when 118 is divided by z.
28
Suppose 2*n + 4*i = -n + 66, n + 5*i - 33 = 0. Suppose -139 = -3*t + 14. What is the remainder when t is divided by 104/n + -3*(-2)/27?
3
Let c be (6/7)/((-2 + 1)/28). Let r be (-78)/182 - 400/14. Let s = c - r. Calculate the remainder when s is divided by 3.
2
Let c be (-2)/(((-18)/(-147))/(-3)). Suppose 3*s + 52 - c = 0. What is the remainder when 4 is divided by s/(-2)*(1 - -3)?
0
Let a(d) = -92*d + 633. What is the remainder when a(2) is divided by 97?
61
Let d be 1/7 + 1745/35. Calculate the remainder when 149 is divided by (-132)/(-20)*d/15.
17
Let t be (37 - 34)*27/(2/2). Let h = t - 5. Suppose 0 = 5*k + 3*u + 30 - 91, 3*u + 38 = 4*k. What is the remainder when h is divided by k?
10
Let b = -1533 + 2216. Let w = b + -636. What is the remainder when 843 is divided by w?
44
What is the remainder when (24 - 23) + 118*1 is divided by 35?
14
Let g = 59 - 119. Let n be g/150 - 222/(-5). Suppose -3*o - 5*l = 63 - 155, o = -5*l + n. What is the remainder when o is divided by 13?
11
Let q(y) = -39*y. Suppose 3*v = -3*l + 126, 3*l - v + 2 - 112 = 0. Suppose l = 2*z - 182. Calculate the remainder when z is divided by q(-1).
32
Let t = 1945 - 1648. Calculate the remainder when t is divided by 51.
42
Let u = 20 + -7. Suppose -u*p + 312 = -10*p. Let c = p - 70. Calculate the remainder when 201 is divided by c.
31
Suppose -33*s + 32*s - 5*a + 23 = 0, -5*s = -4*a - 86. Calculate the remainder when 969 is divided by (18/54)/((5/s)/5).
3
Suppose -5*i + 89 = -11. Let m(u) = 61*u + 2. Let r be m(2). Let c = r - 67. What is the remainder when c is divided by i?
17
Let s(l) = 15*l**2 - 14*l + 6. Calculate the remainder when 146 is divided by s(3).
47
Let y be (1 + -13)*213/(-18)*-4. Let t = y + 596. What is the remainder when t is divided by (6/(-9))/(2/(-51))?
11
Let d = 175 + -203. Calculate the remainder when -2 + 2 + -4 - d is divided by 5.
4
Suppose -3596 = -2*x + 2*k, 5391 = -60*x + 63*x - 2*k. Calculate the remainder when x is divided by 40.
35
Let a be 7/4 + (-78)/104. Calculate the remainder when 67 is divided by 8/(56/329)*a.
20
What is the remainder when 3813 is divided by ((-19600)/1050)/(8/(-78))?
173
Let h = 18454 + -17825. Calculate the remainder when h is divided by 20.
9
Suppose 4*q = 17 - 9. Suppose 68 = -6*t + 488. What is the remainder when t is divided by q/(((-60)/125)/(-6))?
20
Suppose 0 = 7*w - 519 - 3443